{"id":25,"date":"2019-09-16T09:02:53","date_gmt":"2019-09-16T09:02:53","guid":{"rendered":"https:\/\/the7.io\/yoga\/?page_id=25"},"modified":"2022-02-11T10:12:54","modified_gmt":"2022-02-11T10:12:54","slug":"about","status":"publish","type":"page","link":"https:\/\/openhearted-yoga.at\/?page_id=25","title":{"rendered":"Yoga und ich"},"content":{"rendered":"<p>[vc_row equal_height=&#8220;yes&#8220; content_placement=&#8220;top&#8220; css=&#8220;.vc_custom_1571477891398{padding-top: 70px !important;padding-bottom: 50px !important;}&#8220;][vc_column width=&#8220;1\/3&#8243; css=&#8220;.vc_custom_1571477821281{padding-bottom: 30px !important;}&#8220;]<div id=\"ultimate-heading-237369d2beca96e0f\" class=\"uvc-heading ult-adjust-bottom-margin ultimate-heading-237369d2beca96e0f uvc-9232 \" data-hspacer=\"no_spacer\"  data-halign=\"left\" style=\"text-align:left\"><div class=\"uvc-heading-spacer no_spacer\" style=\"top\"><\/div><div class=\"uvc-main-heading ult-responsive\"  data-ultimate-target='.uvc-heading.ultimate-heading-237369d2beca96e0f h1'  data-responsive-json-new='{\"font-size\":\"tablet_portrait:34px;\",\"line-height\":\"tablet_portrait:44px;\"}' ><h1 style=\"--font-weight:theme;margin-bottom:20px;\">Sch\u00f6n, dass du da bist!<\/h1><\/div><\/div><div class=\"hr-thin style-double hr-left\" style=\"width: 70px;border-color: #2e2b36;border-top-width: 6px;\"><\/div>[\/vc_column][vc_column width=&#8220;2\/3&#8243; css=&#8220;.vc_custom_1571477868281{padding-bottom: 30px !important;}&#8220;][vc_column_text]Ich bin Sabrina und komme aus Andau im wundersch\u00f6nen Seewinkel im Burgenland. Yoga habe ich ungef\u00e4hr im Jahr 2015 f\u00fcr mich entdeckt. Am Anfang war es einfach ein toller Ausgleich zum Alltag. Ein Kurs ein oder zweimal die Woche geh\u00f6rte sehr schnell zum Programm. Doch irgendwann war mir das zu wenig und ich besch\u00e4ftigte mich auch zuhause immer mehr damit. Schlie\u00dflich kam das Jahr 2020, das f\u00fcr jeden von uns viel ver\u00e4nderte. Doch ich kann dieses Jahr r\u00fcckblickend nicht nur negativ bewerten. Mehr Zeit f\u00fcr mich hie\u00df auch mehr Zeit f\u00fcr Yoga und ich probierte immer wieder neues aus. Bis ich mich schlie\u00dflich Ende des Jahres, ohne vorher viel dar\u00fcber nachzudenken zu einem Yoga Teacher Training anmeldete. Und das war der Beginn einer wundervollen Reise.<\/p>\n<p>Das 200h Yoga Teacher Training von <a href=\"http:\/\/www.yogaandjuliet.com\" target=\"_blank\" rel=\"noopener\"><strong>Yoga&amp;Juliet<\/strong><\/a> und <a href=\"http:\/\/www.marcelclementiyoga.com\" target=\"_blank\" rel=\"noopener\"><strong>Marcel Clementi Yoga<\/strong><\/a> begann im April 2021 und im September 2021 hielt ich schon mein Zertifikat in den H\u00e4nden. In diesem halben Jahr habe ich nicht nur viel \u00fcber Yoga dazugelernt, sondern auch sehr viel \u00fcber mich selbst. Yoga tut nicht nur meinem K\u00f6rper gut, sondern auch meinem Geist. Es ist einfach magisch und aus meinem Leben nicht mehr wegzudenken.<\/p>\n<p>Ich freue mich sehr, wenn ich nur ein ganz kleines bisschen von meiner Begeisterung an dich weitergeben, oder dich auch nur einmal in der Woche aus deinem Alltag in eine ganz andere Welt holen kann.[\/vc_column_text][\/vc_column][\/vc_row][vc_row full_width=&#8220;stretch_row_content&#8220; bg_type=&#8220;image&#8220; parallax_style=&#8220;vcpb-default&#8220; bg_image_new=&#8220;id^1400|url^https:\/\/openhearted-yoga.at\/wp-content\/uploads\/2022\/01\/Sabrina-156-e1643100233199.jpg|caption^null|alt^null|title^Sabrina-156|description^null&#8220; bg_image_repeat=&#8220;no-repeat&#8220; bg_img_attach=&#8220;fixed&#8220; bg_override=&#8220;full&#8220; enable_overlay=&#8220;enable_overlay_value&#8220; overlay_color=&#8220;rgba(170,179,184,0.1)&#8220; css=&#8220;.vc_custom_1643100453814{padding-top: 12% !important;padding-bottom: 12% !important;}&#8220;][vc_column width=&#8220;2\/3&#8243; css=&#8220;.vc_custom_1571576132311{padding-top: 30px !important;padding-right: 30px !important;padding-bottom: 30px !important;padding-left: 30px !important;background-color: #2e2b36 !important;}&#8220; offset=&#8220;vc_col-lg-offset-4 vc_col-lg-4 vc_col-md-offset-2 vc_col-md-8 vc_col-sm-offset-2 vc_col-xs-offset-1 vc_col-xs-10&#8243;]<div id=\"ultimate-heading-949369d2beca96f35\" class=\"uvc-heading ult-adjust-bottom-margin ultimate-heading-949369d2beca96f35 uvc-227 \" data-hspacer=\"no_spacer\"  data-halign=\"center\" style=\"text-align:center\"><div class=\"uvc-heading-spacer no_spacer\" style=\"top\"><\/div><div class=\"uvc-main-heading ult-responsive\"  data-ultimate-target='.uvc-heading.ultimate-heading-949369d2beca96f35 h2'  data-responsive-json-new='{\"font-size\":\"desktop:44px;tablet_portrait:34px;\",\"line-height\":\"desktop:54px;tablet_portrait:44px;\"}' ><h2 style=\"--font-weight:theme;color:#ffffff;margin-bottom:20px;\">Achtsamkeit. Selbstliebe. Balance<\/h2><\/div><\/div>[\/vc_column][\/vc_row][vc_row full_width=&#8220;stretch_row&#8220; css=&#8220;.vc_custom_1571479438790{padding-top: 70px !important;padding-bottom: 80px !important;}&#8220;][vc_column][\/vc_column][\/vc_row]<\/p>\n","protected":false},"excerpt":{"rendered":"<p>[vc_row equal_height=&#8220;yes&#8220; content_placement=&#8220;top&#8220; css=&#8220;.vc_custom_1571477891398{padding-top: 70px !important;padding-bottom: 50px !important;}&#8220;][vc_column width=&#8220;1\/3&#8243; css=&#8220;.vc_custom_1571477821281{padding-bottom: 30px !important;}&#8220;][\/vc_column][vc_column width=&#8220;2\/3&#8243; css=&#8220;.vc_custom_1571477868281{padding-bottom: 30px !important;}&#8220;][vc_column_text]Ich bin Sabrina und komme aus Andau im wundersch\u00f6nen Seewinkel im Burgenland. Yoga habe ich ungef\u00e4hr im Jahr 2015 f\u00fcr mich entdeckt. Am Anfang war es einfach ein toller Ausgleich zum Alltag. Ein Kurs ein oder zweimal die Woche geh\u00f6rte&hellip;<\/p>\n","protected":false},"author":1,"featured_media":0,"parent":0,"menu_order":0,"comment_status":"closed","ping_status":"closed","template":"","meta":{"footnotes":""},"class_list":["post-25","page","type-page","status-publish","hentry","description-off"],"_links":{"self":[{"href":"https:\/\/openhearted-yoga.at\/index.php?rest_route=\/wp\/v2\/pages\/25","targetHints":{"allow":["GET"]}}],"collection":[{"href":"https:\/\/openhearted-yoga.at\/index.php?rest_route=\/wp\/v2\/pages"}],"about":[{"href":"https:\/\/openhearted-yoga.at\/index.php?rest_route=\/wp\/v2\/types\/page"}],"author":[{"embeddable":true,"href":"https:\/\/openhearted-yoga.at\/index.php?rest_route=\/wp\/v2\/users\/1"}],"replies":[{"embeddable":true,"href":"https:\/\/openhearted-yoga.at\/index.php?rest_route=%2Fwp%2Fv2%2Fcomments&post=25"}],"version-history":[{"count":29,"href":"https:\/\/openhearted-yoga.at\/index.php?rest_route=\/wp\/v2\/pages\/25\/revisions"}],"predecessor-version":[{"id":1491,"href":"https:\/\/openhearted-yoga.at\/index.php?rest_route=\/wp\/v2\/pages\/25\/revisions\/1491"}],"wp:attachment":[{"href":"https:\/\/openhearted-yoga.at\/index.php?rest_route=%2Fwp%2Fv2%2Fmedia&parent=25"}],"curies":[{"name":"wp","href":"https:\/\/api.w.org\/{rel}","templated":true}]}}